mon factor of 510576 and 1778304?
528
What is the highest common divisor of 142920 and 6520?
40
What is the highest common factor of 32490465 and 420?
105
Calculate the greatest common divisor of 8 and 210471616.
8
Calculate the greatest common factor of 33831 and 462672.
189
What is the highest common factor of 33461700 and 36?
12
What is the highest common factor of 468076 and 136802?
146
What is the highest common divisor of 171898 and 1803520?
2818
Calculate the greatest common divisor of 58 and 15519495.
29
What is the greatest common factor of 781755 and 1950?
195
What is the highest common factor of 3722837 and 31970?
139
What is the highest common factor of 9216 and 26613?
9
What is the highest common factor of 877271300 and 2344?
1172
Calculate the greatest common divisor of 23587587 and 48766.
659
What is the highest common factor of 473509 and 17056?
41
Calculate the highest common factor of 3113669 and 2397.
17
Calculate the highest common factor of 4220965 and 3735.
415
What is the greatest common divisor of 590629 and 923?
13
Calculate the greatest common divisor of 34006566 and 4092.
2046
Calculate the highest common divisor of 258 and 1605294.
6
What is the highest common divisor of 13485099 and 1457?
47
Calculate the greatest common factor of 2216802 and 11844.
1974
Calculate the greatest common divisor of 24 and 366528132.
12
Calculate the greatest common factor of 8188936 and 84.
28
What is the highest common factor of 68224 and 971672?
104
What is the highest common factor of 20715165 and 45?
45
What is the highest common divisor of 17620 and 97054484?
3524
What is the highest common divisor of 18387 and 7085351?
227
What is the greatest common divisor of 349321 and 18827689?
7129
Calculate the highest common factor of 194002 and 166.
2
What is the highest common factor of 1496 and 9755790?
374
What is the highest common factor of 616 and 5327432?
88
What is the greatest common factor of 82325 and 4255?
185
What is the highest common divisor of 1346513 and 1937?
149
Calculate the greatest common divisor of 6340633 and 65.
13
What is the greatest common factor of 510249 and 95559?
1803
Calculate the highest common factor of 1157652 and 726084.
2916
What is the greatest common factor of 61593 and 15?
3
What is the highest common factor of 456 and 4725642?
114
What is the greatest common factor of 7235368 and 4?
4
Calculate the greatest common divisor of 121632 and 338016.
672
What is the greatest common factor of 49794 and 443330?
86
What is the greatest common factor of 1578 and 145362?
6
What is the greatest common factor of 11772 and 79980?
12
What is the greatest common divisor of 124510514 and 116?
58
Calculate the greatest common factor of 3372490 and 141680.
2530
Calculate the highest common divisor of 8669386 and 110.
22
Calculate the highest common factor of 10 and 3913531790.
10
Calculate the greatest common divisor of 37 and 676854801.
37
Calculate the greatest common factor of 316 and 331265881.
79
What is the greatest common factor of 1919416 and 2144?
536
What is the highest common divisor of 1370 and 728020?
10
Calculate the greatest common factor of 637 and 273324107.
49
Calculate the highest common divisor of 13284 and 1871028.
36
What is the greatest common divisor of 2763 and 1034897?
307
Calculate the greatest common divisor of 216773 and 499271.
239
Calculate the greatest common factor of 1124945562 and 78.
78
Calculate the greatest common divisor of 12660 and 46320.
60
Calculate the greatest common factor of 862 and 19638.
2
Calculate the greatest common divisor of 189333 and 6565281.
579
What is the greatest common divisor of 237327 and 7944?
993
What is the highest common factor of 64 and 884064?
32
Calculate the highest common divisor of 9568 and 131696896.
736
What is the highest common divisor of 3870385 and 7585?
185
What is the greatest common factor of 34 and 37208087?
17
Calculate the highest common factor of 8391735 and 31515.
165
What is the greatest common factor of 21216347 and 958?
479
What is the highest common factor of 11956111 and 1915?
383
Calculate the highest common factor of 42341995 and 45.
5
What is the greatest common factor of 902 and 443374?
82
What is the highest common factor of 171210303 and 558?
279
What is the greatest common factor of 11290 and 35957521?
1129
Calculate the highest common factor of 812445 and 375.
15
What is the highest common divisor of 265968 and 12384?
144
Calculate the greatest common factor of 13412700 and 1125.
225
What is the highest common divisor of 582 and 1689583830?
582
Calculate the highest common divisor of 988176 and 6902.
238
What is the highest common divisor of 1919 and 408139?
19
Calculate the greatest common factor of 1096 and 1162582.
274
Calculate the highest common factor of 607679 and 917761.
227
What is the highest common divisor of 8536 and 51992?
776
What is the highest common divisor of 490804383 and 26772?
6693
Calculate the highest common factor of 532 and 102107672.
76
What is the highest common factor of 13832 and 281745984?
1976
Calculate the highest common divisor of 5325344 and 1888.
32
Calculate the greatest common factor of 4461696 and 756864.
3456
Calculate the highest common factor of 23225 and 244327.
929
What is the greatest common divisor of 359 and 23827907?
359
What is the highest common factor of 4414786 and 119480?
5974
What is the highest common factor of 372249 and 20853243?
7299
What is the greatest common divisor of 18853213 and 106?
53
Calculate the highest common divisor of 3078 and 3999576.
114
Calculate the highest common divisor of 1827480 and 240.
120
What is the greatest common factor of 139349 and 12852?
119
Calculate the highest common factor of 2970 and 3368160.
90
What is the highest common divisor of 396128 and 14368?
32
Calculate the highest common factor of 245916 and 222156.
1188
Calculate the greatest common divisor of 104005576 and 16.
8
What is the highest common factor of 270 and 742014?
54
What is the greatest common divisor of 18724 and 469340?
124
Calculate the greatest common factor of 114022 and 26926174.
2426
Calculate the greatest common factor of 268722 and 5802.
6
What is the highest common divisor of 68801474 and 14?
14
What is the greatest common factor of 76630 and 449110?
970
What is the greatest common factor of 67 and 59861753?
67
What is the highest common divisor of 63314332 and 57933?
6437
Calculate the highest common factor of 155781967 and 253.
253
What is the highest common divisor of 2006516 and 153564?
268
Calculate the greatest common factor of 64914 and 2850632.
698
Calculate the greatest common factor of 234806 and 2886.
26
What is the greatest common divisor of 7493904 and 756?
108
Calculate the highest common divisor of 1095479 and 77381.
347
What is the highest common divisor of 1553657 and 287?
7
What is the highest common divisor of 46683 and 67928952?
5187
What is the highest common factor of 413560 and 268765?
245
Calculate the highest common factor of 3916952 and 2236.
52
Calculate the greatest common factor of 16 and 49872968.
8
What is the greatest common factor of 9841 and 55523?
13
What is the greatest common factor of 42840693 and 36?
9
Calculate the greatest common divisor of 5412 and 489336.
12
What is the greatest common factor of 1533 and 2917950?
21
What is the greatest common factor of 12292 and 79884?
28
What is the highest common factor of 174 and 4740198?
6
What is the highest common divisor of 367227637 and 322?
161
What is the highest common divisor of 25454 and 8554858?
2314
Calculate the greatest common factor of 10380 and 5532.
12
Calculate the greatest common divisor of 10662675 and 2775.
75
What is the greatest common factor of 378 and 8208312?
42
Calculate the greatest common divisor of 19720670 and 3830.
3830
Calculate the highest common divisor of 1521 and 835340298.
507
Calculate the greatest common divisor of 6656 and 262848.
64
What is the highest common factor of 1304461 and 2771?
17
Calculate the greatest common factor of 50457725 and 25.
25
Calculate the greatest common factor of 1350 and 7963974.
54
What is the highest common factor of 4114 and 288252?
34
What is the highest common divisor of 271 and 406098?
1
Calculate